+ 2, -4*p + 672 = -y*s. Calculate the greatest common divisor of p and 19.
19
Suppose -3*q + q = -5*b + 24, -q - 18 = -4*b. Let m be (-2)/(3*(-6)/27). Suppose 0 = m*l - 4*l + b. Calculate the greatest common factor of 12 and l.
4
Suppose 3*d - 2*q - 4 = 4*d, d + q = -1. What is the greatest common divisor of 1 and d?
1
Let v = 21 - 10. Suppose 0*x = -4*x. Let z be 8 - (-5 + x + 2). What is the highest common divisor of z and v?
11
Let z(j) = -j**3 + 6*j**2 - 5. Let y be z(6). Let i = 5 + y. Suppose -2*t - 2*t + 68 = i. What is the greatest common divisor of t and 17?
17
Let r = 2 + -7. Let q(d) = d**3 + 6*d**2 + 2*d - 1. Let y be q(r). Calculate the greatest common factor of y and 98.
14
Suppose 3*t = -a + 15, 2*t - 2*a - 10 = -4*a. Let h(j) = -j**2 + j**3 - t*j + 8 + 3*j - 5. Let v be h(2). Calculate the highest common factor of v and 3.
3
Suppose o = -5*m + 37, -o + 2*o = 4*m - 8. What is the greatest common factor of o and 4?
4
Let q = -99 - -106. What is the highest common factor of 14 and q?
7
Suppose 2*l + 3*l = 105. Let r be 1080/7 - 6/l. Suppose 3*f - 8*f + 70 = 0. What is the greatest common factor of f and r?
14
Let a(l) = l**2 - 8*l - 12. Let q be a(11). Calculate the greatest common divisor of 21 and q.
21
Suppose 5*o = -2*f + 7*f - 285, -4*o - 4 = 0. Calculate the greatest common divisor of 7 and f.
7
Let d = 50 - 27. What is the highest common divisor of d and 253?
23
Suppose -33 - 49 = -2*q. What is the greatest common divisor of 205 and q?
41
Let m(b) = 26*b**3 - b**2 + b - 1. Suppose 1 = -5*w + 6. Let d be m(w). Calculate the greatest common factor of 100 and d.
25
Suppose 7*c - 8*c = -9. Calculate the highest common divisor of c and 99.
9
Let f(l) = -2*l - 10. Let z be f(-9). Calculate the greatest common factor of 88 and z.
8
Let b(n) = 2*n**2 - n + 2. Let p be b(-3). What is the highest common divisor of p and 23?
23
Suppose -5*w + 0*w = -130. Suppose -3*z = -4*h + 171, -5*z + 2*z + 63 = 2*h. What is the highest common divisor of h and w?
13
Let c(h) = 12*h + 1. Let s be c(1). Let n = 6 - s. Let u = n + 11. Calculate the highest common divisor of u and 28.
4
Suppose -2*j = -2*k + 16, 0*j = -4*k + 3*j + 30. Let y = -2 + k. Suppose -4*q + 108 = -y*o, 3*q - 8*q + o = -123. What is the greatest common factor of 3 and q?
3
Suppose l + 106 = -5*d - 35, -2*l + 138 = -5*d. Let r = d - -16. Let h be (-70)/(-8)*(0 - r). What is the greatest common factor of 15 and h?
15
Suppose 13 = 2*f - 25. Calculate the greatest common divisor of 95 and f.
19
Suppose m + m + 326 = 3*s, -4*s - 4*m + 448 = 0. Calculate the highest common divisor of 10 and s.
10
Suppose r - 34 = -2*v, -4*v - 2*r = v - 86. Let p = 62 - 35. Calculate the greatest common divisor of p and v.
9
Let y(v) = v**2 + v - 4. Let r be y(-4). Let j be (-8)/(-6)*132/r. Calculate the highest common factor of j and 88.
22
Let s be 4/(-7) - 612/(-42). What is the greatest common factor of s and 56?
14
Let x be (-60)/(-3) + 1/(-2)*6. Calculate the greatest common factor of x and 119.
17
Suppose 5*a = y - 29, 0*y = -4*y - a + 32. Calculate the highest common factor of 18 and y.
9
Suppose -3*p + 5*y + 116 = 0, -7*y = 4*p - 3*y - 112. Let u be (-1)/(-2) + (-14)/(-4). Calculate the highest common factor of p and u.
4
Let s = -46 - -63. What is the greatest common divisor of 153 and s?
17
Suppose 2*z - 11 = 9. Calculate the highest common factor of z and 1.
1
Suppose -3 = -4*p - 15. Let r(v) = -2*v**3 + v**2 + 2*v - 3. Let x be r(p). Let g = -23 - -29. What is the highest common factor of g and x?
6
Let f be 19 + ((-1)/(-4) - 13/52). Let n be 0*2/(-4) + 76. Calculate the greatest common divisor of n and f.
19
Let n = -6 + 7. Let m be 3 - (n + (-4 - -3)). Let t = 29 + -2. Calculate the greatest common divisor of m and t.
3
Let p(y) = y**2 + 2*y - 9. Let x be p(16). Calculate the highest common divisor of x and 31.
31
Let v(h) = 2*h - 9. Let k be v(6). Let u be (1 - -13) + (-3)/(-3). What is the greatest common factor of k and u?
3
Let y be 46/14 - 2/7. Let h be 2/(-10) - (-11)/5. Let k = h - 0. What is the greatest common divisor of k and y?
1
Let s(x) = 15*x**2 - 3*x + 2. Let i be s(-3). Let y = 93 - i. Let v be (-6)/9 + y/(-3). Calculate the greatest common divisor of v and 34.
17
Let r = 6 + -3. Let h(k) = -3*k**2 + 3*k**3 - 2*k**3 + 0*k + k. Let d be h(3). Calculate the greatest common divisor of r and d.
3
Let c(p) = p**2 - 8*p - 9. Let q be c(-4). What is the greatest common divisor of 26 and q?
13
Let g be (-11)/(22/(-36)) - 3. Calculate the highest common factor of 3 and g.
3
Suppose 65 = z + 4*z. Let u(b) = -24*b - 1. Let x be u(1). Let h = 77 + x. Calculate the highest common divisor of z and h.
13
Suppose 0 = 2*v - 0*v - 40. Let q = v + -11. Calculate the highest common factor of 99 and q.
9
Suppose 2*f - 6*f + 268 = 0. Suppose -4*t + 19 = -2*r + f, -4*r + 96 = -5*t. What is the greatest common divisor of 24 and r?
24
Let y(t) = 3*t**2 - 8*t - 5. Let f be y(-5). Suppose 2*h + 3*h = -c + 20, -c = -5*h. What is the greatest common factor of c and f?
10
Suppose 4*x + 4 = 6*x. Let c be x + 6/(-3) - -13. What is the greatest common factor of c and 143?
13
Let y be (27/6)/((-5)/30). Let u = -6 - y. Suppose -4*j - 4*k = -40, -5*j + 44 = 4*k - k. What is the greatest common factor of j and u?
7
Let c be (-1)/2 - (-68)/(-8). Let d = c + 13. Calculate the greatest common factor of 2 and d.
2
Suppose -121 - 119 = -5*f. What is the greatest common divisor of 3 and f?
3
Let s be 7 + ((-4)/2)/1. Let z(a) = a**2 - 13*a + 35. Let f be z(10). Calculate the greatest common factor of s and f.
5
Suppose 2*s - 5 = 5*i - 0, -s + 13 = i. Let p = -17 - -32. Suppose -o - p = -4*o. What is the greatest common divisor of s and o?
5
Let p = 22 + -12. Let w(t) = -t**3 - 10*t**2 + 4*t - 7. Let h be w(-11). Calculate the greatest common factor of p and h.
10
Suppose -2*z = i - 131, z - 2*z + i = -58. Calculate the highest common divisor of z and 9.
9
Let w(f) = f**3 + 3*f**2 + f. Let q be w(-2). What is the highest common factor of 2 and q?
2
Suppose -131 = 5*x - z - 531, 5*z = 5*x - 400. Let b = -27 - -17. Let v = b - -18. What is the highest common factor of x and v?
8
Let a be 3 + (-4 + 319)/3. What is the greatest common factor of a and 12?
12
Let w(y) = -y**3 - 7*y**2 - 8*y - 9. Let b be w(-6). Suppose -g = -5*s + 544, -b*g = -2*s + 134 + 94. What is the highest common divisor of 12 and s?
12
Suppose 2*d - 10 = 4*d, 25 = 4*p - d. Suppose 15 = p*i - 2*w, 3*i - 5*w + w = 23. Let z be (-8)/((-2)/i) - 0. What is the greatest common divisor of 28 and z?
4
Let c be 118/8 - (-1)/4. Suppose 0 = 2*v + 4*d - 42, 8*d - 3 = 7*d. What is the highest common factor of c and v?
15
Let q(i) = i + 11. Let g be q(-3). What is the highest common divisor of 1 and g?
1
Let g(j) = -13*j + 1. Let y be g(-3). Let n be (-24)/(-1 + -3) + 2. Calculate the highest common divisor of n and y.
8
Suppose 2*s = -3*o + 38, 3*s = -2*o + 5*o + 42. What is the highest common divisor of s and 2?
2
Let h(t) = -t. Let l be h(-2). Calculate the greatest common divisor of l and 10.
2
Suppose 3*j + 3*m + 4 = 4*j, 4*m + 32 = -4*j. Let i be (-1972)/(-20) - 2/j. What is the greatest common factor of 11 and i?
11
Suppose 7*t = 2*t + 50. Let y be ((-48)/(-30))/(4/t). What is the highest common factor of y and 10?
2
Suppose -4*s = -4, 3*z + 2*s = -s - 99. Let a = z + 344. Let d be a/11 - (-4)/(-22). Calculate the highest common factor of d and 4.
4
Let h be 6/(-9)*6/(-4). Suppose 3*z - 2*z - h = 0, z - 5 = -d. Suppose -2*v = -3*m + 15, 3*v = d*v - 3. What is the greatest common factor of 49 and m?
7
Suppose -10 = -4*t - 2. Suppose 0 = -3*p + t*p - 2. Let r be (-15)/(-4)*(p - -18). What is the greatest common divisor of r and 15?
15
Let g = 4 + -1. Suppose -5*r - g*z = -116 - 79, -r + 21 = -3*z. What is the greatest common divisor of r and 4?
4
Let h = 6 - 10. Let n be h/(1 + 1) - -8. Calculate the greatest common divisor of n and 66.
6
Suppose -5*w - 2*c + 172 = 0, -w - 2*c + 9 + 19 = 0. What is the greatest common divisor of w and 54?
18
Let a be (-144)/10*70/(-21). Calculate the greatest common divisor of 12 and a.
12
Let l(p) be the second derivative of p**4/12 - 4*p**3/3 + 5*p**2/2 + 3*p. Let t be l(9). Calculate the highest common factor of t a